termine g(-4).
26
Let t(x) = 6*x**2 - 761*x - 134. Determine t(127).
-7
Let i(d) = -d**3 + 37*d**2 + 25*d + 507. Determine i(38).
13
Let u(j) = 14*j**2 + 308*j + 933. Calculate u(-3).
135
Let q(t) = -28*t - 650. Give q(-23).
-6
Let b(f) = -29*f - 410. What is b(-19)?
141
Let g(p) = 2*p**2 + 20*p - 24. Give g(2).
24
Let g(v) = -1517*v - 3043. Give g(-2).
-9
Let w(m) = m**2 - 8*m + 41. Calculate w(9).
50
Let f(p) = 2*p**2 - 170*p + 3208. Calculate f(56).
-40
Let f(b) = -31*b + 981. What is f(32)?
-11
Let x(f) = -27*f**2 - 378*f - 7. What is x(-14)?
-7
Let m(o) = -o**3 + 39*o**2 - 391*o + 231. What is m(20)?
11
Let w(j) = -134*j**3 + 16*j - 16. Determine w(1).
-134
Let c(g) = -32067*g + 320674. Determine c(10).
4
Let y(x) = 35*x + 8. Give y(-4).
-132
Let h(z) = z**2 - 20*z + 95. Calculate h(7).
4
Let h(d) = 23*d - 52. What is h(2)?
-6
Let g(p) = 2*p**3 + 7*p**2 - 7*p - 29. Determine g(-6).
-167
Let p(g) = -929*g - 2794. Determine p(-3).
-7
Let n(b) = 3*b**2 - 71*b + 428. Calculate n(12).
8
Let t(o) = -o**2 - 6*o + 253. Give t(13).
6
Let g(a) = -30*a**2 - 511*a + 12. Determine g(-17).
29
Let t(i) = 573*i + 1141. Give t(-2).
-5
Let k(r) = -2*r**3 - 26*r**2 + 19*r - 56. Determine k(-14).
70
Let p(k) = 211*k**3 + 16*k**2 + 12*k - 5. Give p(-1).
-212
Let r(z) = 18*z**2 + 3*z - 8. Determine r(3).
163
Let y(n) = 2*n**2 - 229*n + 2263. What is y(11)?
-14
Let q(w) = -w**3 + w**2 + 98*w - 123. Determine q(-10).
-3
Let y(d) = 85*d + 1280. Calculate y(-17).
-165
Let b(n) = n**3 - 19*n**2 - 37*n - 82. Calculate b(21).
23
Let u(d) = 26*d**2 + 13*d - 29. Calculate u(4).
439
Let u(c) = c**3 + 13*c**2 + 47*c + 377. Give u(-12).
-43
Let p(u) = -u**3 + 22*u**2 + 17*u + 239. Determine p(23).
101
Let t(g) = -g**2 + 281*g - 1115. What is t(4)?
-7
Let d(t) = -t**3 - 2*t**2 + 64*t + 243. Determine d(-6).
3
Let s(c) = -c**3 - 9*c**2 + 10. What is s(-9)?
10
Let u(h) = 2*h**3 + 322*h**2 - 10*h - 1609. What is u(-161)?
1
Let y(k) = 3*k - 350. Calculate y(119).
7
Let y(q) = q**3 + 7*q**2 + 11*q + 35. What is y(-7)?
-42
Let m(j) = -4*j**2 - 108*j - 121. Calculate m(-26).
-17
Let q(v) = 6361*v - 25419. Determine q(4).
25
Let z(j) = -j**2 + 225*j + 2591. What is z(-11)?
-5
Let g(a) = 46*a + 200. Determine g(-5).
-30
Let d(n) = 150*n**3 - 10*n**2 + 5*n + 2. What is d(1)?
147
Let i(m) = -35*m + 32. Calculate i(-3).
137
Let i(n) = n**3 - 13*n**2 - 42*n + 647. What is i(8)?
-9
Let m(c) = c**2 - 52*c + 449. Give m(11).
-2
Let o(x) = 3986*x - 47837. Determine o(12).
-5
Let u(q) = -34365*q - 412374. Calculate u(-12).
6
Let j(y) = 28*y**3 + 8*y**2 + 23*y - 2. Give j(-2).
-240
Let g(l) = -l**3 + 30*l**2 + 31*l - 1715. Give g(29).
25
Let p(k) = -k**3 + 11*k**2 + 102*k - 21. Calculate p(17).
-21
Let l(f) = f**3 - 60*f**2 + 55*f + 329. Give l(59).
93
Let d(w) = -w**3 - 33*w**2 + 70*w - 2. Determine d(-35).
-2
Let x(b) = 11*b**2 - 35*b + 28. Calculate x(3).
22
Let l(m) = 126*m - 2653. Give l(21).
-7
Let c(m) = m**3 - 158*m**2 - 987*m + 497. What is c(164)?
5
Let s(i) = 103*i + 95. Calculate s(-1).
-8
Let f(p) = 11*p + 7. What is f(-5)?
-48
Let r(p) = 26*p + 134. Calculate r(-2).
82
Let f(m) = m**3 + 125*m**2 - 380*m + 492. Determine f(-128).
-20
Let l(u) = -160*u**2 - 6*u + 2. Determine l(1).
-164
Let h(l) = -2*l**3 + 28*l**2 + 63*l - 489. Determine h(15).
6
Let h(c) = c**3 + 66*c**2 - 206*c + 112. Give h(-69).
43
Let g(k) = -142*k - 2969. What is g(-21)?
13
Let d(h) = h**2 - 439*h - 36787. Determine d(-72).
5
Let x(z) = 2*z**3 + 8*z**2 - 3*z + 128. What is x(-6)?
2
Let b(w) = w**2 + 52*w - 347. What is b(-42)?
-767
Let z(r) = -r**3 - 48*r**2 - 589*r - 320. What is z(-23)?
2
Let x(f) = -246*f**3 + 15*f + 13. Give x(-1).
244
Let j(l) = -64*l**2 + 13*l - 13. What is j(1)?
-64
Let d(i) = 2*i**3 + 37*i**2 + 12*i - 104. Determine d(-18).
4
Let j(l) = -l**3 + 9*l**2 + 39*l - 59. Calculate j(12).
-23
Let u(l) = -287*l + 253. Determine u(1).
-34
Let s(y) = -509*y + 36650. Calculate s(72).
2
Let s(a) = a**2 - 18703*a - 74828. Determine s(-4).
0
Let y(t) = 149*t + 224. Calculate y(-3).
-223
Let l(y) = -y**3 - 10*y**2 - 5*y + 112. Calculate l(-8).
24
Let j(o) = 2*o**3 + 84*o**2 - 86*o + 5. Calculate j(-43).
5
Let t(w) = -4*w**3 + 137*w + 278. Give t(-2).
36
Let f(i) = -23*i**2 - 965*i + 70. Determine f(-42).
28
Let r(n) = -3*n**2 + 36*n + 7. Give r(12).
7
Let m(y) = y**3 - 22*y**2 - 71*y - 48. What is m(25)?
52
Let h(w) = 4*w**3 + 7*w**2 - 2*w + 16. What is h(-3)?
-23
Let i(q) = q**2 - 53*q + 693. Determine i(29).
-3
Let j(x) = 49*x + 594. Calculate j(-12).
6
Let a(u) = 14*u - 67. Give a(-10).
-207
Let m(x) = 48*x - 18. Give m(0).
-18
Let t(o) = o**2 + 73*o + 1008. What is t(-52)?
-84
Let b(x) = x**3 - 35*x**2 + 31*x - 20. Give b(34).
-122
Let u(z) = -z**3 - 101*z**2 + 102*z - 2. Give u(-102).
-2
Let y(f) = -f**3 - 642*f**2 - 3183*f + 17. What is y(-5)?
7
Let b(t) = -45*t + 803. Calculate b(18).
-7
Let y(a) = 5*a**2 - 91*a - 74. Give y(19).
2
Let h(z) = -13*z**2 + 12*z + 2. Calculate h(5).
-263
Let r(p) = 14*p**2. Give r(1).
14
Let i(t) = t - 43. Give i(-16).
-59
Let p(t) = 58*t**2 - 276*t - 91. Determine p(5).
-21
Let b(y) = -y**3 + 8*y**2 - 169*y + 1186. Give b(7).
52
Let p(j) = -j**3 + 2*j**2 + 12*j - 15. Determine p(2).
9
Let s(b) = -17*b**2 + 152*b - 448. Give s(3).
-145
Let s(c) = -32*c**2 - 748*c - 44. What is s(-23)?
232
Let v(a) = 75*a + 265. Give v(-4).
-35
Let c(s) = s**3 + 28*s**2 - 155*s - 25. Determine c(5).
25
Let s(w) = -29*w + 608. Calculate s(50).
-842
Let k(z) = z**2 - 29*z + 93. Determine k(34).
263
Let z(d) = 2*d**3 - 121*d**2 + 64*d - 146. Determine z(60).
94
Let o(k) = 8*k**2 - 78*k + 119. What is o(9)?
65
Let s(v) = -54*v + 243. Calculate s(7).
-135
Let c(j) = 2*j**3 - 466*j**2 - 473*j + 1180. Determine c(234).
10
Let q(c) = 2*c**3 - 38*c**2 + 31*c + 85. What is q(18)?
-5
Let b(f) = -f**2 + 20*f + 168. What is b(-8)?
-56
Let n(j) = -j**3 - 50*j**2 - 33*j - 186. What is n(-49)?
-970
Let x(m) = -6*m**2 - 193*m + 165. Determine x(-33).
0
Let o(z) = z**2 + 17*z - 5. What is o(-27)?
265
Let h(y) = y**3 - 203*y**2 + 7109*y + 180. Determine h(158).
22
Let a(r) = -224*r - 103. Give a(-2).
345
Let j(z) = -8*z**2 + 1033*z - 1157. Give j(128).
-5
Let c(k) = -k**3 + 10*k**2 + 25*k + 18. Give c(12).
30
Let b(i) = i**2 - 31*i + 92. Give b(20).
-128
Let p(g) = -401*g - 11635. Determine p(-29).
-6
Let a(v) = 3*v**2 - 173*v + 238. Give a(54).
-356
Let z(t) = -2*t**2 + 41*t + 13. Give z(16).
157
Let a(q) = -17*q**2 - 17*q - 14. Give a(2).
-116
Let f(y) = -4*y**2 - 38*y + 160. Calculate f(-10).
140
Let o(b) = -2844*b + 45508. What is o(16)?
4
Let c(f) = -f**3 - 13*f**2 + 19*f - 19. What is c(-12)?
-391
Let g(i) = 105*i - 31. Determine g(-3).
-346
Let q(l) = 2832*l + 84955. Give q(-30).
-5
Let f(r) = -r**3 + 9*r**2 - 59*r + 12. Give f(8).
-396
Let l(c) = c**3 + 3*c**2 + 116*c + 485. Determine l(-4).
5
Let r(u) = 799*u - 548. What is r(1)?
251
Let r(a) = 3257*a - 325693. What is r(100)?
7
Let a(d) = -d**3 + 11*d**2 - 26*d + 295. Determine a(11).
9
Let f(a) = -a**2 - a + 334. Calculate f(-19).
-8
Let v(k) = -k**3 - 20*k**2 - 100*k - 17. Calculate v(-10).
-17
Let w(x) = -x**3 + 124*x**2 + 386*x - 586. Calculate w(127).
49
Let n(g) = g**3 - 17*g**2 - 116*g + 41. Give n(22).
-91
Let u(l) = 16*l**3 + 222*l**2 - 29*l - 20. What is u(-14)?
-6
Let a(p) = 35*p**2 - 213*p + 7. Determine a(6).
-11
Let y(h) = 3*h**2 + 177*h - 1903. Give y(10).
167
Let y(t) = -2*t**3 - 91*t**2 - 48*t - 176. What is y(-45)?
-41
Let p(u) = -u**2 + 73*u - 1403. Calculate p(37).
-71
Let r(c) = 5*c**3 + 4*c**2 - 6*c + 9. Calculate r(4).
369
Let z(b) = -b + 148. Give z(9).
139
Let g(x) = -21*x - 423. Determine g(-19).
-24
Let u(w) = w**2 - 24*w - 131. What is u(-9)?
166
Let k(g) = 2*g**2 + 58*g + 57. What is k(-28)?
1
Let j(s) = 35*s**3 - 5*s**2 - 5*s + 6. Determine j(1).
31
Let h(m) = 8*m + 12. Give h(9).
84
Let f(r) = r**2 - 22*r + 41. What is f(21)?
20
Let x(f) = -f**2 - 29*f + 1770. What is x(30)?
0
Let o(p) = 2*p**2 - 23*p + 77. Calculate o(5).
12
Let g(b) = b - 35. What is g(-30)?
-65
Let a(b) = 2*b**2 + 3*b + 47. Give a(-6).
101
Let v(k) = -3*k**3 + 83*k**2 - 65*k + 18. Determine v(27).
-279
Let k(q) = 2*q**2 + 31*q + 125. What is k(-22)?
411
Let o(a) = 9*a**2 + 560*a + 627. Give o(-61).
-44
Let i(d) = 8*d + 617. Determin